is the highest common divisor of 624 and 8?
8
Calculate the greatest common factor of 52 and 5668.
52
What is the greatest common divisor of 1188 and 44?
44
Calculate the highest common divisor of 5030 and 40.
10
What is the highest common factor of 86 and 430?
86
What is the greatest common divisor of 69 and 1656?
69
Calculate the highest common divisor of 104 and 348.
4
Calculate the highest common divisor of 147 and 189.
21
What is the highest common divisor of 8567 and 13?
13
Calculate the greatest common divisor of 594 and 44.
22
Calculate the greatest common factor of 11050 and 663.
221
Calculate the highest common divisor of 574 and 126.
14
What is the greatest common divisor of 77 and 7161?
77
Calculate the greatest common factor of 462 and 539.
77
What is the greatest common factor of 28 and 124?
4
Calculate the highest common divisor of 73 and 2.
1
Calculate the greatest common factor of 589 and 93.
31
Calculate the greatest common factor of 1644 and 12.
12
Calculate the highest common factor of 500 and 310.
10
What is the greatest common factor of 18338 and 318?
106
Calculate the greatest common divisor of 936 and 42.
6
Calculate the greatest common factor of 392 and 16.
8
What is the greatest common factor of 1092 and 105?
21
What is the greatest common divisor of 17 and 323?
17
What is the greatest common divisor of 1711 and 29?
29
Calculate the highest common factor of 867 and 102.
51
Calculate the highest common divisor of 8565 and 15.
15
What is the greatest common factor of 621 and 1127?
23
Calculate the highest common factor of 494 and 52.
26
What is the highest common divisor of 15 and 12?
3
What is the greatest common divisor of 62 and 50?
2
What is the highest common factor of 1813 and 49?
49
Calculate the highest common factor of 18 and 12.
6
What is the greatest common divisor of 69 and 253?
23
Calculate the highest common factor of 5543 and 23.
23
What is the highest common divisor of 28 and 518?
14
What is the greatest common divisor of 817 and 19?
19
What is the greatest common divisor of 189 and 441?
63
What is the highest common divisor of 38 and 4?
2
Calculate the highest common divisor of 143 and 533.
13
Calculate the greatest common divisor of 319 and 44.
11
What is the highest common factor of 161 and 69?
23
What is the greatest common divisor of 550 and 50?
50
Calculate the highest common factor of 9 and 288.
9
What is the highest common divisor of 416 and 364?
52
Calculate the greatest common divisor of 5 and 2585.
5
Calculate the highest common factor of 14 and 56378.
14
Calculate the highest common factor of 31 and 1.
1
What is the greatest common factor of 33 and 209?
11
What is the greatest common divisor of 1518 and 1242?
138
Calculate the greatest common divisor of 4698 and 567.
81
Calculate the greatest common factor of 567 and 42.
21
Calculate the greatest common factor of 98 and 266.
14
What is the greatest common divisor of 408 and 48?
24
What is the highest common factor of 203 and 232?
29
Calculate the greatest common divisor of 115 and 1035.
115
Calculate the highest common factor of 943 and 123.
41
Calculate the greatest common divisor of 18 and 258.
6
Calculate the highest common factor of 97786 and 26.
26
What is the greatest common divisor of 165 and 390?
15
What is the greatest common factor of 368 and 16?
16
What is the greatest common divisor of 78 and 16?
2
Calculate the highest common divisor of 87 and 12.
3
Calculate the highest common factor of 360 and 4635.
45
What is the greatest common divisor of 27 and 891?
27
Calculate the greatest common factor of 130 and 286.
26
Calculate the greatest common divisor of 749 and 321.
107
Calculate the greatest common factor of 342 and 288.
18
What is the highest common factor of 84 and 96?
12
What is the highest common divisor of 176 and 11?
11
What is the highest common divisor of 3180 and 20?
20
Calculate the greatest common factor of 14 and 4725.
7
What is the highest common divisor of 648 and 81?
81
Calculate the highest common divisor of 51 and 4539.
51
What is the greatest common factor of 6 and 24?
6
Calculate the highest common divisor of 32 and 16.
16
What is the greatest common divisor of 423 and 18?
9
What is the highest common factor of 16 and 4704?
16
What is the highest common divisor of 496 and 32?
16
What is the greatest common factor of 170 and 102?
34
Calculate the highest common factor of 3372 and 12.
12
Calculate the highest common factor of 4395 and 45.
15
Calculate the greatest common factor of 1 and 61.
1
What is the greatest common divisor of 406 and 224?
14
What is the highest common divisor of 78 and 195?
39
What is the highest common divisor of 4 and 241?
1
Calculate the highest common factor of 2688 and 84.
84
Calculate the highest common divisor of 8 and 7584.
8
What is the highest common divisor of 30 and 535?
5
Calculate the highest common factor of 1708 and 28.
28
Calculate the highest common factor of 78 and 416.
26
Calculate the highest common divisor of 18 and 1818.
18
What is the highest common factor of 2422 and 14?
14
What is the highest common divisor of 1513 and 136?
17
What is the highest common factor of 6 and 66?
6
Calculate the highest common divisor of 166 and 664.
166
What is the highest common divisor of 286 and 44?
22
Calculate the highest common factor of 112 and 7.
7
Calculate the highest common factor of 779 and 41.
41
Calculate the greatest common divisor of 357 and 153.
51
What is the highest common factor of 106 and 4558?
106
Calculate the greatest common divisor of 10 and 85.
5
Calculate the greatest common factor of 18 and 90.
18
What is the highest common factor of 10406 and 605?
121
What is the highest common divisor of 549 and 244?
61
Calculate the greatest common factor of 3 and 543.
3
What is the greatest common divisor of 104 and 272?
8
Calculate the highest common divisor of 6 and 54.
6
What is the greatest common factor of 230 and 1135?
5
Calculate the highest common factor of 56 and 98.
14
Calculate the greatest common factor of 876 and 204.
12
What is the greatest common divisor of 180 and 160?
20
Calculate the greatest common divisor of 194 and 15714.
194
Calculate the highest common factor of 120 and 1416.
24
What is the greatest common divisor of 16 and 4?
4
What is the highest common divisor of 15 and 2550?
15
What is the greatest common divisor of 166 and 249?
83
Calculate the greatest common divisor of 54 and 12.
6
What is the greatest common divisor of 18 and 4491?
9
Calculate the greatest common factor of 36 and 243.
9
Calculate the greatest common divisor of 5 and 55.
5
What is the highest common divisor of 1375 and 55?
55
What is the greatest common factor of 12 and 28668?
12
What is the greatest common factor of 2661 and 9?
3
What is the highest common divisor of 6700 and 260?
20
Calculate the greatest common factor of 510 and 90.
30
What is the greatest common factor of 10 and 2910?
10
Calculate the highest common factor of 184 and 4002.
46
Calculate the greatest common factor of 7981 and 161.
23
What is the highest common divisor of 55 and 39545?
55
What is the greatest common divisor of 1620 and 1710?
90
Calculate the highest common factor of 1680 and 160.
80
What is the greatest common factor of 110 and 110?
110
Calculate the highest common divisor of 275 and 22.
11
Calculate the greatest common factor of 10362 and 154.
22
What is the greatest common divisor of 2666 and 124?
62
Calculate the highest common factor of 2501 and 164.
41
What is the highest common factor of 4671 and 54?
27
Calculate the highest common divisor of 17 and 731.
17
What is the highest common divisor of 484 and 44?
44
What is the greatest common divisor of 912 and 627?
57
Calculate the highest common factor of 730 and 10.
10
What is the highest common divisor of 32 and 1016?
8
What is the greatest common divisor of 315 and 195?
15
What is the greatest common divisor of 520 and 2470?
130
What is the greatest common divisor of 53 and 52099?
53
What is the highest common factor of 24 and 1332?
12
What is the highest common factor of 99 and 44?
11
Calculate the greatest common divisor of 90 and 250.
10
Calculate the highest common divisor of 260 and 140.
20
Calculate the greatest common divisor 